328975.
5, 7, 11, 1871
What are the prime factors of 306190684?
2, 76547671
What are the prime factors of 342985097?
7, 13, 3769067
List the prime factors of 379210615.
5, 7, 10834589
List the prime factors of 7534666333.
7534666333
List the prime factors of 169292283.
3, 56430761
List the prime factors of 1027036685.
5, 3877, 52981
What are the prime factors of 49464390?
2, 3, 5, 17, 96989
What are the prime factors of 7029111?
3, 2343037
What are the prime factors of 113541495?
3, 5, 7569433
List the prime factors of 7240872672.
2, 3, 11, 2285629
What are the prime factors of 484941563?
41, 11827843
What are the prime factors of 2431069087?
83, 89, 329101
List the prime factors of 149072276.
2, 37268069
What are the prime factors of 123745732?
2, 11, 2113
List the prime factors of 313983523.
7, 17, 376931
List the prime factors of 712060261.
11, 1511, 42841
List the prime factors of 189226674.
2, 3, 7, 13, 115523
List the prime factors of 56687934.
2, 3, 1627, 5807
List the prime factors of 165938226.
2, 3, 31, 892141
What are the prime factors of 891186004?
2, 41, 5434061
List the prime factors of 414048164.
2, 79, 1310279
What are the prime factors of 41031375?
3, 5, 7, 11, 29
What are the prime factors of 49839014?
2, 19, 1311553
List the prime factors of 1458164933.
563, 2589991
What are the prime factors of 47508086?
2, 109, 383, 569
What are the prime factors of 262874903?
41, 907, 7069
List the prime factors of 6911399237.
23, 12517, 24007
What are the prime factors of 35183474?
2, 337, 52201
List the prime factors of 45780508.
2, 97, 117991
List the prime factors of 537961176.
2, 3, 92243
List the prime factors of 122892551.
19, 71, 91099
List the prime factors of 112129644.
2, 3, 11, 849467
List the prime factors of 973522.
2, 11, 17, 19, 137
What are the prime factors of 338781557?
13567, 24971
List the prime factors of 2510127486.
2, 3, 17, 443, 18517
What are the prime factors of 111523668?
2, 3, 47, 79, 2503
What are the prime factors of 9901728?
2, 3, 34381
What are the prime factors of 1222441461?
3, 135826829
What are the prime factors of 153950684?
2, 23, 1673377
List the prime factors of 414162066.
2, 3, 3307, 20873
What are the prime factors of 1657066683?
3, 552355561
List the prime factors of 374613804.
2, 3, 19, 547681
List the prime factors of 3794762095.
5, 439, 1728821
List the prime factors of 189137751.
3, 11, 101, 56747
List the prime factors of 3660443728.
2, 53, 4316561
List the prime factors of 25372008.
2, 3, 101, 1163
List the prime factors of 819284602.
2, 409642301
What are the prime factors of 15326998?
2, 7663499
List the prime factors of 41465680.
2, 5, 587, 883
What are the prime factors of 263280086?
2, 31, 37, 114769
What are the prime factors of 4009878259?
23, 241, 723413
What are the prime factors of 176956199?
7, 3611351
What are the prime factors of 509969496?
2, 3, 241, 88169
What are the prime factors of 1079443879?
1079443879
What are the prime factors of 990137540?
2, 5, 7, 7072411
What are the prime factors of 112067778?
2, 3, 1231, 15173
List the prime factors of 119335347.
3, 59, 224737
List the prime factors of 111358492.
2, 7, 29, 4729
What are the prime factors of 7587864967?
7587864967
What are the prime factors of 147561408?
2, 3, 241, 1063
What are the prime factors of 713594284?
2, 13, 37, 370891
List the prime factors of 3264485552.
2, 367, 555941
What are the prime factors of 191808110?
2, 5, 13, 17, 229, 379
List the prime factors of 511453814.
2, 255726907
What are the prime factors of 3518093879?
557, 6316147
What are the prime factors of 133462828?
2, 33365707
List the prime factors of 22152942.
2, 3, 7, 109, 1613
What are the prime factors of 344850272?
2, 13, 828967
What are the prime factors of 859026358?
2, 429513179
List the prime factors of 219797866.
2, 109898933
List the prime factors of 521870047.
113, 4618319
List the prime factors of 280124036.
2, 70031009
What are the prime factors of 729347198?
2, 1297, 281167
What are the prime factors of 9111753841?
47, 193867103
List the prime factors of 298783753.
67, 487, 9157
What are the prime factors of 59286078?
2, 3, 43, 76597
List the prime factors of 112022843.
17, 6589579
What are the prime factors of 834117887?
239, 3490033
List the prime factors of 16307396.
2, 7, 19, 29, 151
List the prime factors of 563852652.
2, 3, 11, 4271611
What are the prime factors of 183182735?
5, 17, 47, 45853
What are the prime factors of 27039011?
157, 172223
List the prime factors of 23903792.
2, 11, 12347
What are the prime factors of 1588908352?
2, 163, 152311
What are the prime factors of 50769346?
2, 25384673
What are the prime factors of 4161068430?
2, 3, 5, 107, 1296283
What are the prime factors of 1711169000?
2, 5, 17, 31, 191
What are the prime factors of 4189115298?
2, 3, 43, 461, 35221
List the prime factors of 237052298.
2, 7, 67, 79, 457
List the prime factors of 150444933.
3, 1279, 39209
List the prime factors of 37844885.
5, 13, 331, 1759
What are the prime factors of 61711930?
2, 5, 7, 37, 23827
List the prime factors of 614016688.
2, 113, 479, 709
What are the prime factors of 36277688?
2, 19, 31, 7699
What are the prime factors of 422007275?
5, 29, 83, 7013
List the prime factors of 21111437.
53, 379, 1051
What are the prime factors of 31527187?
2371, 13297
What are the prime factors of 5447258661?
3, 13, 6521, 21419
List the prime factors of 562746100.
2, 5, 7, 31, 25933
What are the prime factors of 6169495967?
11173, 552179
What are the prime factors of 37717762?
2, 31, 773, 787
List the prime factors of 791703699.
3, 31, 467, 18229
What are the prime factors of 187883723?
19, 2531, 3907
List the prime factors of 28339581.
3, 9446527
List the prime factors of 801511394.
2, 89, 4502873
List the prime factors of 732932769.
3, 41, 1571, 3793
What are the prime factors of 2976388999?
53, 211, 266153
What are the prime factors of 774881892?
2, 3, 467, 46091
What are the prime factors of 488336681?
7, 43, 89, 18229
What are the prime factors of 29749588?
2, 11, 109, 6203
What are the prime factors of 61570804?
2, 17, 905453
What are the prime factors of 26448833?
26448833
What are the prime factors of 906991772?
2, 71, 3193633
List the prime factors of 1674540415.
5, 23, 293, 49697
What are the prime factors of 23584210?
2, 5, 13, 43, 4219
What are the prime factors of 355811949?
3, 47, 53, 59, 269
What are the prime factors of 341402738?
2, 17, 83, 311, 389
What are the prime factors of 481813336?
2, 3617, 16651
List the prime factors of 82031930.
2, 5, 19, 97, 4451
List the prime factors of 99658333.
23, 4332971
What are the prime factors of 5161273?
13, 97, 4093
What are the prime factors of 14959949?
17, 31, 28387
List the prime factors of 717286400.
2, 5, 28019
What are the prime factors of 654666324?
2, 3, 13, 211, 19889
What are the prime factors of 181790350?
2, 5, 7, 17, 30553
What are the prime factors of 72777767?
487, 149441
What are the prime factors of 202650892?
2, 50662723
What are the prime factors of 234814158?
2, 3, 617, 21143
List the prime factors of 56331820.
2, 5, 1409, 1999
List the prime factors of 67539372.
2, 3, 5628281
List the prime factors of 611498490.
2, 3, 5, 431, 47293
What are the prime factors of 888204104?
2, 53, 131, 15991
List the prime factors of 746259.
3, 248753
What are the prime factors of 162623104?
2, 7, 181499
What are the prime factors of 142574491?
142574491
What are the prime factors of 87877436?
2, 31, 708689
What are the prime factors of 522780839?
7, 19, 3930683
List the prime factors of 480047308.
2, 13, 61, 151339
What are the prime factors of 342511049?
342511049
What are the prime factors of 1674058379?
7, 29, 8246593
What are the prime factors of 1192758?
2, 3, 7, 4057
What are the prime factors of 31203726?
2, 3, 919, 5659
List the prime factors of 1858208354.
2, 157, 5917861
List the prime factors of 115777518.
2, 3, 127, 151939
What are the prime factors of 1387193808?
2, 3, 7, 11, 13, 28871
List the prime factors of 60332086.
2, 30166043
List the prime factors of 203026594.
2, 241, 397, 1061
List the prime factors of 567618906.
2, 3, 47, 83, 24251
List the prime factors of 84565995.
3, 5, 5637733
List the prime factors of 52840818.
2, 3, 2935601
List the p